{"id":120,"date":"2023-06-05T14:06:44","date_gmt":"2023-06-05T12:06:44","guid":{"rendered":"http:\/\/kyokushinds.hr\/?page_id=120"},"modified":"2023-06-05T14:12:02","modified_gmt":"2023-06-05T12:12:02","slug":"ispiti-za-pojaseve","status":"publish","type":"page","link":"https:\/\/kyokushinds.hr\/index.php\/ispiti-za-pojaseve\/","title":{"rendered":"Ispiti za pojaseve"},"content":{"rendered":"<ul class=\"wp-block-latest-posts__list has-dates wp-block-latest-posts\"><li><div class=\"wp-block-latest-posts__featured-image aligncenter\"><img loading=\"lazy\" decoding=\"async\" width=\"300\" height=\"225\" src=\"https:\/\/kyokushinds.hr\/wp-content\/uploads\/2025\/12\/IMG-20251220-WA0101-300x225.jpg\" class=\"attachment-medium size-medium wp-post-image\" alt=\"\" style=\"max-width:225px;max-height:225px;\" srcset=\"https:\/\/kyokushinds.hr\/wp-content\/uploads\/2025\/12\/IMG-20251220-WA0101-300x225.jpg 300w, https:\/\/kyokushinds.hr\/wp-content\/uploads\/2025\/12\/IMG-20251220-WA0101-1024x768.jpg 1024w, https:\/\/kyokushinds.hr\/wp-content\/uploads\/2025\/12\/IMG-20251220-WA0101-768x576.jpg 768w, https:\/\/kyokushinds.hr\/wp-content\/uploads\/2025\/12\/IMG-20251220-WA0101.jpg 1200w\" sizes=\"auto, (max-width: 300px) 100vw, 300px\" \/><\/div><a class=\"wp-block-latest-posts__post-title\" href=\"https:\/\/kyokushinds.hr\/index.php\/2025\/12\/19\/ispit-za-kyu-i-dan-pojaseve\/\">Ispit za KYU i DAN pojaseve<\/a><time datetime=\"2025-12-19T22:42:03+01:00\" class=\"wp-block-latest-posts__post-date\">19. prosinca 2025.<\/time><div class=\"wp-block-latest-posts__post-excerpt\">Dana 19. prosinca 2025. godine odr\u017ean je slu\u017ebeni ispit Brancha za KYU i DANpojaseve u Zapre\u0161i\u0107u. Ispit su vodili sensei Kruno Gara\u0161i\u0107 (3. DAN.) i senpai NikolaBanjeglav (2. DAN). Na ispitu je nazo\u010dilo pedesetak polaznika iz nekoliko klubova.Osim nekoliko ni\u017eih pojaseve na\u0161a reprezentativka Paola Budek je polo\u017eila sme\u0111ipojas (2.KYU). Ovim putem klub \u010destita \u010dlanovima na\u2026 <a class=\"wp-block-latest-posts__read-more\" href=\"https:\/\/kyokushinds.hr\/index.php\/2025\/12\/19\/ispit-za-kyu-i-dan-pojaseve\/\" rel=\"noopener noreferrer\">Pro\u010ditaj vi\u0161e<span class=\"screen-reader-text\">: Ispit za KYU i DAN pojaseve<\/span><\/a><\/div><\/li>\n<li><div class=\"wp-block-latest-posts__featured-image aligncenter\"><img loading=\"lazy\" decoding=\"async\" width=\"300\" height=\"206\" src=\"https:\/\/kyokushinds.hr\/wp-content\/uploads\/2025\/07\/WhatsApp-Image-2025-07-12-at-16.07.28-2-300x206.jpeg\" class=\"attachment-medium size-medium wp-post-image\" alt=\"\" style=\"max-width:225px;max-height:225px;\" srcset=\"https:\/\/kyokushinds.hr\/wp-content\/uploads\/2025\/07\/WhatsApp-Image-2025-07-12-at-16.07.28-2-300x206.jpeg 300w, https:\/\/kyokushinds.hr\/wp-content\/uploads\/2025\/07\/WhatsApp-Image-2025-07-12-at-16.07.28-2-1024x703.jpeg 1024w, https:\/\/kyokushinds.hr\/wp-content\/uploads\/2025\/07\/WhatsApp-Image-2025-07-12-at-16.07.28-2-768x527.jpeg 768w, https:\/\/kyokushinds.hr\/wp-content\/uploads\/2025\/07\/WhatsApp-Image-2025-07-12-at-16.07.28-2.jpeg 1080w\" sizes=\"auto, (max-width: 300px) 100vw, 300px\" \/><\/div><a class=\"wp-block-latest-posts__post-title\" href=\"https:\/\/kyokushinds.hr\/index.php\/2025\/07\/10\/ljetni-karate-seminar-bugarska-2025\/\">Ljetni karate seminar Bugarska 2025.<\/a><time datetime=\"2025-07-10T22:26:00+02:00\" class=\"wp-block-latest-posts__post-date\">10. srpnja 2025.<\/time><div class=\"wp-block-latest-posts__post-excerpt\">Ljetni karate seminar odr\u017eao se 6.-10.7. u Kranevu, Bugarskoj. Na njemu se okupilo 300-tinjak karatista iz Bugarske, Japana, Ukrajine, Rumunjske, \u0160vedske, Kazahstana, Nizozemske i Hrvatske, a me\u0111u njima su bili senpai Ivana Lon\u010darevi\u0107 (2. DAN) iz Kyokushin karate kluba ,,Sosai\u201d, senpai Jan Perani\u0107 (1. DAN) iz Karate kluba ,,Budo-Ryu&#8221; iz Zapre\u0161i\u0107a i \u010dlanovi na\u0161eg kluba\u2026 <a class=\"wp-block-latest-posts__read-more\" href=\"https:\/\/kyokushinds.hr\/index.php\/2025\/07\/10\/ljetni-karate-seminar-bugarska-2025\/\" rel=\"noopener noreferrer\">Pro\u010ditaj vi\u0161e<span class=\"screen-reader-text\">: Ljetni karate seminar Bugarska 2025.<\/span><\/a><\/div><\/li>\n<li><div class=\"wp-block-latest-posts__featured-image aligncenter\"><img loading=\"lazy\" decoding=\"async\" width=\"300\" height=\"147\" src=\"https:\/\/kyokushinds.hr\/wp-content\/uploads\/2023\/06\/Polaganje-300x147.jpg\" class=\"attachment-medium size-medium wp-post-image\" alt=\"\" style=\"max-width:225px;max-height:225px;\" srcset=\"https:\/\/kyokushinds.hr\/wp-content\/uploads\/2023\/06\/Polaganje-300x147.jpg 300w, https:\/\/kyokushinds.hr\/wp-content\/uploads\/2023\/06\/Polaganje.jpg 545w\" sizes=\"auto, (max-width: 300px) 100vw, 300px\" \/><\/div><a class=\"wp-block-latest-posts__post-title\" href=\"https:\/\/kyokushinds.hr\/index.php\/2024\/12\/16\/ispiti-za-kyu-i-mon-pojaseve\/\">Ispiti za KYU i MON pojaseve<\/a><time datetime=\"2024-12-16T22:42:00+01:00\" class=\"wp-block-latest-posts__post-date\">16. prosinca 2024.<\/time><div class=\"wp-block-latest-posts__post-excerpt\">Dana 16. prosinca 2024. godine odr\u017ean je slu\u017ebeni ispit za MON i KYU pojaseve u na\u0161oj dvorani koji je vodio senpai Nikola Banjeglav. Odaziv je bio velik, a polo\u017eena su i tri nova 1. KYU pojasa. \u010cestitamo svima na polo\u017eenim pojasevima! Ossu!<\/div><\/li>\n<li><a class=\"wp-block-latest-posts__post-title\" href=\"https:\/\/kyokushinds.hr\/index.php\/2021\/06\/07\/ispiti-za-pojaseve\/\">Ispiti za pojaseve<\/a><time datetime=\"2021-06-07T20:07:00+02:00\" class=\"wp-block-latest-posts__post-date\">7. lipnja 2021.<\/time><div class=\"wp-block-latest-posts__post-excerpt\">Klub je dana 07.06.2021. odr\u017eao ispit za pojaseve.<\/div><\/li>\n<\/ul>","protected":false},"excerpt":{"rendered":"","protected":false},"author":1,"featured_media":16,"parent":0,"menu_order":0,"comment_status":"closed","ping_status":"closed","template":"","meta":{"ngg_post_thumbnail":0,"footnotes":""},"class_list":["post-120","page","type-page","status-publish","has-post-thumbnail","hentry"],"jetpack_sharing_enabled":true,"_links":{"self":[{"href":"https:\/\/kyokushinds.hr\/index.php\/wp-json\/wp\/v2\/pages\/120","targetHints":{"allow":["GET"]}}],"collection":[{"href":"https:\/\/kyokushinds.hr\/index.php\/wp-json\/wp\/v2\/pages"}],"about":[{"href":"https:\/\/kyokushinds.hr\/index.php\/wp-json\/wp\/v2\/types\/page"}],"author":[{"embeddable":true,"href":"https:\/\/kyokushinds.hr\/index.php\/wp-json\/wp\/v2\/users\/1"}],"replies":[{"embeddable":true,"href":"https:\/\/kyokushinds.hr\/index.php\/wp-json\/wp\/v2\/comments?post=120"}],"version-history":[{"count":2,"href":"https:\/\/kyokushinds.hr\/index.php\/wp-json\/wp\/v2\/pages\/120\/revisions"}],"predecessor-version":[{"id":125,"href":"https:\/\/kyokushinds.hr\/index.php\/wp-json\/wp\/v2\/pages\/120\/revisions\/125"}],"wp:featuredmedia":[{"embeddable":true,"href":"https:\/\/kyokushinds.hr\/index.php\/wp-json\/wp\/v2\/media\/16"}],"wp:attachment":[{"href":"https:\/\/kyokushinds.hr\/index.php\/wp-json\/wp\/v2\/media?parent=120"}],"curies":[{"name":"wp","href":"https:\/\/api.w.org\/{rel}","templated":true}]}}

<ul class="wp-block-latest-posts__list has-dates wp-block-latest-posts"><li><div class="wp-block-latest-posts__featured-image aligncenter"><img loading="lazy" decoding="async" width="300" height="225" src="https://kyokushinds.hr/wp-content/uploads/2025/12/IMG-20251220-WA0101-300x225.jpg" class="attachment-medium size-medium wp-post-image" alt="" style="max-width:225px;max-height:225px;" srcset="https://kyokushinds.hr/wp-content/uploads/2025/12/IMG-20251220-WA0101-300x225.jpg 300w, https://kyokushinds.hr/wp-content/uploads/2025/12/IMG-20251220-WA0101-1024x768.jpg 1024w, https://kyokushinds.hr/wp-content/uploads/2025/12/IMG-20251220-WA0101-768x576.jpg 768w, https://kyokushinds.hr/wp-content/uploads/2025/12/IMG-20251220-WA0101.jpg 1200w" sizes="auto, (max-width: 300px) 100vw, 300px" /></div><a class="wp-block-latest-posts__post-title" href="https://kyokushinds.hr/index.php/2025/12/19/ispit-za-kyu-i-dan-pojaseve/">Ispit za KYU i DAN pojaseve</a><time datetime="2025-12-19T22:42:03+01:00" class="wp-block-latest-posts__post-date">19. prosinca 2025.</time><div class="wp-block-latest-posts__post-excerpt">Dana 19. prosinca 2025. godine održan je službeni ispit Brancha za KYU i DANpojaseve u Zaprešiću. Ispit su vodili sensei Kruno Garašić (3. DAN.) i senpai NikolaBanjeglav (2. DAN). Na ispitu je nazočilo pedesetak polaznika iz nekoliko klubova.Osim nekoliko nižih pojaseve naša reprezentativka Paola Budek je položila smeđipojas (2.KYU). Ovim putem klub čestita članovima na… <a class="wp-block-latest-posts__read-more" href="https://kyokushinds.hr/index.php/2025/12/19/ispit-za-kyu-i-dan-pojaseve/" rel="noopener noreferrer">Pročitaj više<span class="screen-reader-text">: Ispit za KYU i DAN pojaseve</span></a></div></li>
<li><div class="wp-block-latest-posts__featured-image aligncenter"><img loading="lazy" decoding="async" width="300" height="206" src="https://kyokushinds.hr/wp-content/uploads/2025/07/WhatsApp-Image-2025-07-12-at-16.07.28-2-300x206.jpeg" class="attachment-medium size-medium wp-post-image" alt="" style="max-width:225px;max-height:225px;" srcset="https://kyokushinds.hr/wp-content/uploads/2025/07/WhatsApp-Image-2025-07-12-at-16.07.28-2-300x206.jpeg 300w, https://kyokushinds.hr/wp-content/uploads/2025/07/WhatsApp-Image-2025-07-12-at-16.07.28-2-1024x703.jpeg 1024w, https://kyokushinds.hr/wp-content/uploads/2025/07/WhatsApp-Image-2025-07-12-at-16.07.28-2-768x527.jpeg 768w, https://kyokushinds.hr/wp-content/uploads/2025/07/WhatsApp-Image-2025-07-12-at-16.07.28-2.jpeg 1080w" sizes="auto, (max-width: 300px) 100vw, 300px" /></div><a class="wp-block-latest-posts__post-title" href="https://kyokushinds.hr/index.php/2025/07/10/ljetni-karate-seminar-bugarska-2025/">Ljetni karate seminar Bugarska 2025.</a><time datetime="2025-07-10T22:26:00+02:00" class="wp-block-latest-posts__post-date">10. srpnja 2025.</time><div class="wp-block-latest-posts__post-excerpt">Ljetni karate seminar održao se 6.-10.7. u Kranevu, Bugarskoj. Na njemu se okupilo 300-tinjak karatista iz Bugarske, Japana, Ukrajine, Rumunjske, Švedske, Kazahstana, Nizozemske i Hrvatske, a među njima su bili senpai Ivana Lončarević (2. DAN) iz Kyokushin karate kluba ,,Sosai”, senpai Jan Peranić (1. DAN) iz Karate kluba ,,Budo-Ryu&#8221; iz Zaprešića i članovi našeg kluba… <a class="wp-block-latest-posts__read-more" href="https://kyokushinds.hr/index.php/2025/07/10/ljetni-karate-seminar-bugarska-2025/" rel="noopener noreferrer">Pročitaj više<span class="screen-reader-text">: Ljetni karate seminar Bugarska 2025.</span></a></div></li>
<li><div class="wp-block-latest-posts__featured-image aligncenter"><img loading="lazy" decoding="async" width="300" height="147" src="https://kyokushinds.hr/wp-content/uploads/2023/06/Polaganje-300x147.jpg" class="attachment-medium size-medium wp-post-image" alt="" style="max-width:225px;max-height:225px;" srcset="https://kyokushinds.hr/wp-content/uploads/2023/06/Polaganje-300x147.jpg 300w, https://kyokushinds.hr/wp-content/uploads/2023/06/Polaganje.jpg 545w" sizes="auto, (max-width: 300px) 100vw, 300px" /></div><a class="wp-block-latest-posts__post-title" href="https://kyokushinds.hr/index.php/2024/12/16/ispiti-za-kyu-i-mon-pojaseve/">Ispiti za KYU i MON pojaseve</a><time datetime="2024-12-16T22:42:00+01:00" class="wp-block-latest-posts__post-date">16. prosinca 2024.</time><div class="wp-block-latest-posts__post-excerpt">Dana 16. prosinca 2024. godine održan je službeni ispit za MON i KYU pojaseve u našoj dvorani koji je vodio senpai Nikola Banjeglav. Odaziv je bio velik, a položena su i tri nova 1. KYU pojasa. Čestitamo svima na položenim pojasevima! Ossu!</div></li>
<li><a class="wp-block-latest-posts__post-title" href="https://kyokushinds.hr/index.php/2021/06/07/ispiti-za-pojaseve/">Ispiti za pojaseve</a><time datetime="2021-06-07T20:07:00+02:00" class="wp-block-latest-posts__post-date">7. lipnja 2021.</time><div class="wp-block-latest-posts__post-excerpt">Klub je dana 07.06.2021. održao ispit za pojaseve.</div></li>
</ul>
